ommon divisor of l and r?
12
Let p(q) = 7 + 6 + 3*q**2 - q**2 + 3 - 11*q. Let k be p(8). Let l(t) = t**2 + 14*t + 21. Let n be l(-13). Calculate the highest common factor of n and k.
8
Suppose 161*u + 1 = 159*u - 3*f, -4*f = -5*u + 101. Suppose -r + 0*r = -91. Calculate the greatest common divisor of r and u.
13
Let d(l) = -114*l + 125. Let j be d(10). Let m be 1/(-6) - j/42. Let h be 358/6 - 8/(-24). Calculate the greatest common divisor of h and m.
12
Let w = -123 - -126. Let h = 1 + 1. Let z be 124/8 + h/(-4). What is the highest common factor of z and w?
3
Let d(f) = 614*f**2 - 18*f + 34. Let l be d(2). Let x = l - 1536. What is the greatest common divisor of 54 and x?
54
Suppose -12*q - 41 = -13*q + 5*u, 68 = 4*q + 4*u. Let g(c) = -7*c - 7. Let m be g(-7). Calculate the highest common factor of m and q.
21
Let l be -6 + ((1 - -3) + -10 - -12). Suppose -3*m + 99 = -l*m. Calculate the highest common factor of 231 and m.
33
Suppose 160 = 4*j - 2*j. Let g = -88407 - -88423. Calculate the highest common divisor of j and g.
16
Suppose 117*t - 116*t + 7 = 0. Let c(a) = -23*a - 137. Let k be c(t). Calculate the highest common factor of 24 and k.
24
Let x(k) = 42*k**2 - 6*k + 2*k**2 - 3 + 3*k + 34*k**2 + 25*k**2. Let l be x(-2). What is the greatest common factor of l and 83?
83
Let j(k) = k**2 - 131*k - 2299. Let s be j(-17). Let u be (-2)/1 - (-5)/((-25)/(-80)). Calculate the greatest common divisor of u and s.
7
Let p = -115 - -103. Let g = p - -108. Calculate the greatest common divisor of 24 and g.
24
Suppose 134*c = 140775 - 19907. What is the greatest common divisor of c and 246?
82
Let r(f) = -72*f + 5327. Let n be r(22). Calculate the highest common factor of 19 and n.
19
Let u(z) = -148*z - 2060. Let j be u(-14). Calculate the highest common divisor of 1854 and j.
6
Suppose 0 = 2*w - 17 + 27. Let v be 42/30 - 3/w. Suppose 0 = v*k + j - 11, -2*j = k - 6 - 7. Calculate the highest common factor of 27 and k.
3
Suppose -4*n = 3*t - 45, -10 = -2*n + 17*t - 21*t. Let d = 16 - 11. Let g(a) = 3*a - 9. Let h be g(d). Calculate the highest common divisor of h and n.
3
Let j(i) be the second derivative of -1/2*i**3 + 1/6*i**4 - 3/2*i**2 - 7*i - 1/10*i**5 + 0. Let q be j(-2). What is the highest common divisor of q and 27?
27
Let d(t) = -5*t - 16. Suppose -4*n - 2*r = 6, -4*r + 4 = 5*n - n. Let w be d(n). Let u = -43 - -57. What is the greatest common divisor of w and u?
2
Suppose -780 + 280 = -20*n. What is the highest common factor of 325 and n?
25
Let g = -12731 + 12808. What is the greatest common factor of 448 and g?
7
Let x = -4639 + 4773. Calculate the greatest common factor of x and 2.
2
Suppose -18*y + 33*y + 3*b - 14517 = 0, 0 = y - 5*b - 973. Calculate the highest common divisor of 792 and y.
88
Let n = -937 + 1371. Calculate the highest common factor of n and 70.
14
Suppose -13*x = -14 - 25. Suppose 0 = -x*d - 3*j + 1524, -j = d - 5*j - 503. Calculate the greatest common factor of 39 and d.
39
Suppose -3*z = -t + 1406, 0 = 3*t - 4*z - 2549 - 1644. Let f be 533/39 - (-4)/(-6). Calculate the highest common factor of f and t.
13
Suppose 4*h - 285406 = 217106. Suppose -9*t = -15*t - h. Let z be t/(-145) - (-4)/(-10). What is the greatest common factor of z and 9?
9
Let v = 609 - 514. Let p = v + -25. Calculate the greatest common factor of p and 1330.
70
Let m be 0 + ((-16200)/63)/((-42)/392). Calculate the highest common factor of m and 2080.
160
Let g(h) = 959*h - 27 + 1 - 20 - 967*h. Let b be g(-8). Calculate the highest common factor of b and 234.
18
Let r = -54 - -65. Suppose 7*f + 112 = r*f. Let l = f + -24. What is the greatest common divisor of 4 and l?
4
Let b(w) = -w**3 - 75*w**2 - 68*w + 463. Let o be b(-74). Calculate the greatest common divisor of 2280 and o.
19
Suppose -2063 + 383 = -28*r. Calculate the greatest common factor of r and 348.
12
Let l = -32 - -36. Suppose -3*a + l = p - 7, -1 = -a + p. Suppose -a*b + 65 = 2*b. Calculate the highest common divisor of 104 and b.
13
Let n(i) = 2*i**2 + 37*i + 185. Let d be n(-11). Calculate the greatest common divisor of 3140 and d.
20
Let n = 8 - -7. Let v(r) = -6*r - 9. Let g(b) = 14*b. Let a be g(-1). Let q be v(a). What is the highest common factor of q and n?
15
Let m be -5 - (-10 + 15 - (1 - -5)). Let t be (-3 - m)*((-3 - 1) + 301). What is the highest common factor of t and 11?
11
Let s be (9/4)/((-18)/(-768)). Let h be ((-60)/(3 - 8))/(3/8). What is the highest common divisor of h and s?
32
Suppose 5*f = -3*i - 79, 17*f = 12*f + 3*i - 91. Let b(u) = u**2 + 27*u + 180. Let j be b(f). Calculate the highest common divisor of j and 35.
5
Let w be 52 + (22 - 11) - 2*(2 - 3). Calculate the greatest common divisor of w and 3133.
13
Let u = 8 + -5. Suppose -3*n - 10*n + 312 = 0. Suppose u*y - n = 6. Calculate the highest common divisor of 15 and y.
5
Let w(u) = -u**3 - 24*u**2 + 16*u + 514. Let v be w(-24). Calculate the greatest common divisor of v and 442.
26
Let t be 672/(1*2)*((-25272)/(-189))/39. What is the greatest common divisor of 54 and t?
18
Let j(s) = s**2 + 5*s - 2166. Let m be j(-51). Suppose -4*h - 216 = -n - 2*n, -n + 72 = -h. Calculate the greatest common divisor of m and n.
36
Suppose 64*y - 21514 = 57334. Calculate the greatest common factor of y and 2576.
112
Let c(u) = -5*u + 2. Let i be c(-3). Suppose -d - i = 16. Let r = 35 + d. What is the highest common divisor of r and 6?
2
Suppose 4*k - 2*y = 4, -5*y + 10*y = 4*k + 8. Let b = -22 + 26. Suppose -c + b = -2. What is the highest common divisor of k and c?
3
Suppose 196 = 5*a + 4*c, 0*c - c = 2*a - 76. Suppose q + q - 4 = 0. Suppose 4*v + 4*z - 32 = q*v, -v - 5*z = -4. What is the highest common factor of v and a?
12
Let p = 8252 - 8129. What is the greatest common divisor of 1763 and p?
41
Let b be (-70)/(-4) - (-10)/20. Suppose 42 = 4*s - 3*a, -14 - 2 = -2*s - a. Calculate the highest common factor of s and b.
9
Let f = 2685 - 2637. What is the highest common divisor of f and 1368?
24
Let f be -8 + -19 + 1/1. Let k be (-38)/152 + (f/(-8) - 2). What is the greatest common factor of 13 and k?
1
Let v(o) = -4 - 4*o - 9*o - o - 2*o**2. Suppose 12*j - 11*j = -5. Let z be v(j). Calculate the highest common divisor of 16 and z.
16
Let y(z) = -2*z**2 + 4*z + 26. Let j be y(8). Let v be (-161)/3 + (-17)/51. Let x = v - j. Calculate the highest common factor of 12 and x.
4
Suppose -5*j + 93 = -75*z + 74*z, 3*z = 4*j - 81. What is the greatest common divisor of j and 342?
18
Suppose 3*v = -4*n + 3852, -5*n - 2*v = -859 - 3970. What is the greatest common factor of n and 228?
57
Let d = 2178 + -1125. Suppose -f - 5 = 0, -362 = -4*p + 5*f - 229. What is the highest common divisor of d and p?
27
Suppose -8*y - 221 = -10*y - 37. What is the highest common divisor of 12512 and y?
92
Suppose 2*l + 12 = -18. Let g = 0 - l. Suppose -42*j + 2550 = -49*j + 41*j. What is the highest common divisor of j and g?
15
Let k(n) = -3 - n**2 - 2 - 3 + n. Let y be k(14). Let u = y - -286. Calculate the greatest common divisor of 12 and u.
12
Let u = 4276 - 4212. Calculate the highest common factor of u and 296.
8
Suppose -84 = -19*t + 21*t. Let c be (t/(-28))/((-9)/(-42)). Calculate the greatest common divisor of c and 203.
7
Let w = -3244 - -3279. What is the greatest common divisor of w and 1015?
35
Suppose 5*j - 3 = -2*n + 132, -4*j - 3*n + 115 = 0. Let h = 4791 + -4166. Calculate the highest common factor of j and h.
25
Suppose 369 = -22*l + 897. What is the highest common divisor of l and 108?
12
Suppose 8*a = 4*a - f + 88, 2*a + f = 42. Calculate the highest common factor of a and 3749.
23
Suppose -39*z - 40 = -44*z. Suppose z - 68 = -5*d. What is the highest common divisor of d and 24?
12
Suppose -71 = 5*l - y + 182, 2*l + 85 = -5*y. Let n = 148 + l. Let h = 108 - n. What is the highest common factor of h and 5?
5
Suppose -254*p + 244*p + 90 = 0. What is the highest common factor of p and 1413?
9
Suppose 11*n - 4673 = -3*l + 7*n, -l = -3*n - 1536. Calculate the highest common divisor of l and 1269.
141
Suppose -21*y + 3315 = 6*y - 14*y. Calculate the greatest common factor of y and 1717.
17
Suppose 11375 = -4*p + 17*p. Suppose -b - p = -36*b. What is the greatest common divisor of 400 and b?
25
Let v = 852 - -765. Let u = -521 -